{"id":31,"date":"2019-05-27T06:58:24","date_gmt":"2019-05-27T04:58:24","guid":{"rendered":"http:\/\/azorenhaus.de\/azorenhaus\/?page_id=31"},"modified":"2026-01-08T17:06:53","modified_gmt":"2026-01-08T16:06:53","slug":"rennradbilder","status":"publish","type":"page","link":"https:\/\/azorenhaus.de\/azorenhaus\/rennradbilder\/","title":{"rendered":"Rennradbilder"},"content":{"rendered":"\n<figure class=\"wp-block-image\"><img loading=\"lazy\" decoding=\"async\" width=\"730\" height=\"548\" src=\"https:\/\/azorenhaus.de\/azorenhaus\/wp-content\/uploads\/2019\/06\/12_2008-1.jpg\" alt=\"\" class=\"wp-image-246\" srcset=\"https:\/\/azorenhaus.de\/azorenhaus\/wp-content\/uploads\/2019\/06\/12_2008-1.jpg 730w, https:\/\/azorenhaus.de\/azorenhaus\/wp-content\/uploads\/2019\/06\/12_2008-1-300x225.jpg 300w\" sizes=\"auto, (max-width: 730px) 100vw, 730px\" \/><figcaption class=\"wp-element-caption\">2008 habe ich Faial als Rennradparadies entdeckt.<\/figcaption><\/figure>\n\n\n\n<figure class=\"wp-block-image\"><img loading=\"lazy\" decoding=\"async\" width=\"548\" height=\"730\" src=\"https:\/\/azorenhaus.de\/azorenhaus\/wp-content\/uploads\/2019\/06\/03_2010-2.jpg\" alt=\"\" class=\"wp-image-247\" srcset=\"https:\/\/azorenhaus.de\/azorenhaus\/wp-content\/uploads\/2019\/06\/03_2010-2.jpg 548w, https:\/\/azorenhaus.de\/azorenhaus\/wp-content\/uploads\/2019\/06\/03_2010-2-225x300.jpg 225w\" sizes=\"auto, (max-width: 548px) 100vw, 548px\" \/><figcaption class=\"wp-element-caption\">Mein 1988er Raleigh vor Capelinhos<\/figcaption><\/figure>\n\n\n\n<figure class=\"wp-block-image\"><img loading=\"lazy\" decoding=\"async\" width=\"548\" height=\"730\" src=\"https:\/\/azorenhaus.de\/azorenhaus\/wp-content\/uploads\/2019\/06\/09_2008-2.jpg\" alt=\"\" class=\"wp-image-248\" srcset=\"https:\/\/azorenhaus.de\/azorenhaus\/wp-content\/uploads\/2019\/06\/09_2008-2.jpg 548w, https:\/\/azorenhaus.de\/azorenhaus\/wp-content\/uploads\/2019\/06\/09_2008-2-225x300.jpg 225w\" sizes=\"auto, (max-width: 548px) 100vw, 548px\" \/><figcaption class=\"wp-element-caption\">Im Anstieg nach Castelo Branco<\/figcaption><\/figure>\n\n\n\n<figure class=\"wp-block-image\"><img loading=\"lazy\" decoding=\"async\" width=\"730\" height=\"548\" src=\"https:\/\/azorenhaus.de\/azorenhaus\/wp-content\/uploads\/2019\/06\/09_2008-7.jpg\" alt=\"\" class=\"wp-image-249\" srcset=\"https:\/\/azorenhaus.de\/azorenhaus\/wp-content\/uploads\/2019\/06\/09_2008-7.jpg 730w, https:\/\/azorenhaus.de\/azorenhaus\/wp-content\/uploads\/2019\/06\/09_2008-7-300x225.jpg 300w\" sizes=\"auto, (max-width: 730px) 100vw, 730px\" \/><figcaption class=\"wp-element-caption\">Pause in Horta am Praia da Conceicao<\/figcaption><\/figure>\n\n\n\n<figure class=\"wp-block-image\"><img loading=\"lazy\" decoding=\"async\" width=\"730\" height=\"548\" src=\"https:\/\/azorenhaus.de\/azorenhaus\/wp-content\/uploads\/2019\/06\/2012-09-05-13.25.29.jpg\" alt=\"\" class=\"wp-image-250\" srcset=\"https:\/\/azorenhaus.de\/azorenhaus\/wp-content\/uploads\/2019\/06\/2012-09-05-13.25.29.jpg 730w, https:\/\/azorenhaus.de\/azorenhaus\/wp-content\/uploads\/2019\/06\/2012-09-05-13.25.29-300x225.jpg 300w\" sizes=\"auto, (max-width: 730px) 100vw, 730px\" \/><figcaption class=\"wp-element-caption\">Ab 2012 brachte mein neues Rennrad von Wilier mit einer Trippelkurbel noch mehr Spa\u00df<\/figcaption><\/figure>\n\n\n\n<figure class=\"wp-block-image\"><img loading=\"lazy\" decoding=\"async\" width=\"730\" height=\"548\" src=\"https:\/\/azorenhaus.de\/azorenhaus\/wp-content\/uploads\/2019\/06\/2015-05-21-12.46.10.jpg\" alt=\"\" class=\"wp-image-251\" srcset=\"https:\/\/azorenhaus.de\/azorenhaus\/wp-content\/uploads\/2019\/06\/2015-05-21-12.46.10.jpg 730w, https:\/\/azorenhaus.de\/azorenhaus\/wp-content\/uploads\/2019\/06\/2015-05-21-12.46.10-300x225.jpg 300w\" sizes=\"auto, (max-width: 730px) 100vw, 730px\" \/><figcaption class=\"wp-element-caption\">Auf dem Weg zur Caldera, dem h\u00f6chsten Punkt der Insel Faial mit 930 m<\/figcaption><\/figure>\n\n\n\n<figure class=\"wp-block-image\"><img loading=\"lazy\" decoding=\"async\" width=\"730\" height=\"548\" src=\"https:\/\/azorenhaus.de\/azorenhaus\/wp-content\/uploads\/2019\/06\/2015-09-17-14.13.59.jpg\" alt=\"\" class=\"wp-image-252\" srcset=\"https:\/\/azorenhaus.de\/azorenhaus\/wp-content\/uploads\/2019\/06\/2015-09-17-14.13.59.jpg 730w, https:\/\/azorenhaus.de\/azorenhaus\/wp-content\/uploads\/2019\/06\/2015-09-17-14.13.59-300x225.jpg 300w\" sizes=\"auto, (max-width: 730px) 100vw, 730px\" \/><figcaption class=\"wp-element-caption\">Die Caldera ist 400 m tief und hat einen Durchmesser von 2 km<\/figcaption><\/figure>\n\n\n\n<figure class=\"wp-block-image\"><img loading=\"lazy\" decoding=\"async\" width=\"730\" height=\"548\" src=\"https:\/\/azorenhaus.de\/azorenhaus\/wp-content\/uploads\/2019\/06\/2019-05-12-12.37.08.jpg\" alt=\"\" class=\"wp-image-253\" srcset=\"https:\/\/azorenhaus.de\/azorenhaus\/wp-content\/uploads\/2019\/06\/2019-05-12-12.37.08.jpg 730w, https:\/\/azorenhaus.de\/azorenhaus\/wp-content\/uploads\/2019\/06\/2019-05-12-12.37.08-300x225.jpg 300w\" sizes=\"auto, (max-width: 730px) 100vw, 730px\" \/><figcaption class=\"wp-element-caption\">Auf einer der vielen Inselrunden<\/figcaption><\/figure>\n\n\n\n<figure class=\"wp-block-image\"><img loading=\"lazy\" decoding=\"async\" width=\"730\" height=\"548\" src=\"https:\/\/azorenhaus.de\/azorenhaus\/wp-content\/uploads\/2019\/06\/2019-05-12-13.09.17.jpg\" alt=\"\" class=\"wp-image-254\" srcset=\"https:\/\/azorenhaus.de\/azorenhaus\/wp-content\/uploads\/2019\/06\/2019-05-12-13.09.17.jpg 730w, https:\/\/azorenhaus.de\/azorenhaus\/wp-content\/uploads\/2019\/06\/2019-05-12-13.09.17-300x225.jpg 300w\" sizes=\"auto, (max-width: 730px) 100vw, 730px\" \/><figcaption class=\"wp-element-caption\">Capelinhos 2019<\/figcaption><\/figure>\n\n\n\n<figure class=\"wp-block-image\"><img loading=\"lazy\" decoding=\"async\" width=\"730\" height=\"548\" src=\"https:\/\/azorenhaus.de\/azorenhaus\/wp-content\/uploads\/2019\/06\/2019-05-25-12.19.18.jpg\" alt=\"\" class=\"wp-image-255\" srcset=\"https:\/\/azorenhaus.de\/azorenhaus\/wp-content\/uploads\/2019\/06\/2019-05-25-12.19.18.jpg 730w, https:\/\/azorenhaus.de\/azorenhaus\/wp-content\/uploads\/2019\/06\/2019-05-25-12.19.18-300x225.jpg 300w\" sizes=\"auto, (max-width: 730px) 100vw, 730px\" \/><figcaption class=\"wp-element-caption\">Hafen von Horta<\/figcaption><\/figure>\n\n\n\n<figure class=\"wp-block-image\"><img loading=\"lazy\" decoding=\"async\" width=\"730\" height=\"548\" src=\"https:\/\/azorenhaus.de\/azorenhaus\/wp-content\/uploads\/2019\/06\/2019-06-10-12.53.26.jpg\" alt=\"\" class=\"wp-image-256\" srcset=\"https:\/\/azorenhaus.de\/azorenhaus\/wp-content\/uploads\/2019\/06\/2019-06-10-12.53.26.jpg 730w, https:\/\/azorenhaus.de\/azorenhaus\/wp-content\/uploads\/2019\/06\/2019-06-10-12.53.26-300x225.jpg 300w\" sizes=\"auto, (max-width: 730px) 100vw, 730px\" \/><figcaption class=\"wp-element-caption\">Sch\u00f6n ist, dass zahlreiche Wasserstellen das Auff\u00fcllen der Trinkflasche erm\u00f6glichen.<\/figcaption><\/figure>\n\n\n\n<figure class=\"wp-block-image\"><img loading=\"lazy\" decoding=\"async\" width=\"730\" height=\"548\" src=\"https:\/\/azorenhaus.de\/azorenhaus\/wp-content\/uploads\/2019\/06\/20190525_125956.jpg\" alt=\"\" class=\"wp-image-257\" srcset=\"https:\/\/azorenhaus.de\/azorenhaus\/wp-content\/uploads\/2019\/06\/20190525_125956.jpg 730w, https:\/\/azorenhaus.de\/azorenhaus\/wp-content\/uploads\/2019\/06\/20190525_125956-300x225.jpg 300w\" sizes=\"auto, (max-width: 730px) 100vw, 730px\" \/><figcaption class=\"wp-element-caption\">Am Aussichtspunkt Conceicao oberhalb von Horta<\/figcaption><\/figure>\n\n\n\n<figure class=\"wp-block-gallery has-nested-images columns-default is-cropped wp-block-gallery-1 is-layout-flex wp-block-gallery-is-layout-flex\">\n<figure class=\"wp-block-image size-large\"><img loading=\"lazy\" decoding=\"async\" width=\"1024\" height=\"576\" data-id=\"554\" src=\"https:\/\/azorenhaus.de\/azorenhaus\/wp-content\/uploads\/2026\/01\/20230511_135530-1024x576.jpg\" alt=\"\" class=\"wp-image-554\" srcset=\"https:\/\/azorenhaus.de\/azorenhaus\/wp-content\/uploads\/2026\/01\/20230511_135530-1024x576.jpg 1024w, https:\/\/azorenhaus.de\/azorenhaus\/wp-content\/uploads\/2026\/01\/20230511_135530-300x169.jpg 300w, https:\/\/azorenhaus.de\/azorenhaus\/wp-content\/uploads\/2026\/01\/20230511_135530-768x432.jpg 768w, https:\/\/azorenhaus.de\/azorenhaus\/wp-content\/uploads\/2026\/01\/20230511_135530-1536x864.jpg 1536w, https:\/\/azorenhaus.de\/azorenhaus\/wp-content\/uploads\/2026\/01\/20230511_135530-2048x1152.jpg 2048w\" sizes=\"auto, (max-width: 1024px) 100vw, 1024px\" \/><\/figure>\n<\/figure>\n\n\n\n<p>Auf dem Weg zur Caldera 2023 auf 600 m<\/p>\n\n\n\n<figure class=\"wp-block-image\"><img loading=\"lazy\" decoding=\"async\" width=\"730\" height=\"548\" src=\"https:\/\/azorenhaus.de\/azorenhaus\/wp-content\/uploads\/2019\/06\/2019-06-10-12.55.24.jpg\" alt=\"\" class=\"wp-image-258\" srcset=\"https:\/\/azorenhaus.de\/azorenhaus\/wp-content\/uploads\/2019\/06\/2019-06-10-12.55.24.jpg 730w, https:\/\/azorenhaus.de\/azorenhaus\/wp-content\/uploads\/2019\/06\/2019-06-10-12.55.24-300x225.jpg 300w\" sizes=\"auto, (max-width: 730px) 100vw, 730px\" \/><\/figure>\n","protected":false},"excerpt":{"rendered":"<p>Auf dem Weg zur Caldera 2023 auf 600 m<\/p>\n","protected":false},"author":1,"featured_media":244,"parent":0,"menu_order":0,"comment_status":"closed","ping_status":"closed","template":"","meta":{"footnotes":""},"class_list":["post-31","page","type-page","status-publish","has-post-thumbnail","hentry"],"_links":{"self":[{"href":"https:\/\/azorenhaus.de\/azorenhaus\/wp-json\/wp\/v2\/pages\/31","targetHints":{"allow":["GET"]}}],"collection":[{"href":"https:\/\/azorenhaus.de\/azorenhaus\/wp-json\/wp\/v2\/pages"}],"about":[{"href":"https:\/\/azorenhaus.de\/azorenhaus\/wp-json\/wp\/v2\/types\/page"}],"author":[{"embeddable":true,"href":"https:\/\/azorenhaus.de\/azorenhaus\/wp-json\/wp\/v2\/users\/1"}],"replies":[{"embeddable":true,"href":"https:\/\/azorenhaus.de\/azorenhaus\/wp-json\/wp\/v2\/comments?post=31"}],"version-history":[{"count":5,"href":"https:\/\/azorenhaus.de\/azorenhaus\/wp-json\/wp\/v2\/pages\/31\/revisions"}],"predecessor-version":[{"id":555,"href":"https:\/\/azorenhaus.de\/azorenhaus\/wp-json\/wp\/v2\/pages\/31\/revisions\/555"}],"wp:featuredmedia":[{"embeddable":true,"href":"https:\/\/azorenhaus.de\/azorenhaus\/wp-json\/wp\/v2\/media\/244"}],"wp:attachment":[{"href":"https:\/\/azorenhaus.de\/azorenhaus\/wp-json\/wp\/v2\/media?parent=31"}],"curies":[{"name":"wp","href":"https:\/\/api.w.org\/{rel}","templated":true}]}}

<figure class="wp-block-image"><img loading="lazy" decoding="async" width="730" height="548" src="https://azorenhaus.de/azorenhaus/wp-content/uploads/2019/06/12_2008-1.jpg" alt="" class="wp-image-246" srcset="https://azorenhaus.de/azorenhaus/wp-content/uploads/2019/06/12_2008-1.jpg 730w, https://azorenhaus.de/azorenhaus/wp-content/uploads/2019/06/12_2008-1-300x225.jpg 300w" sizes="auto, (max-width: 730px) 100vw, 730px" /><figcaption class="wp-element-caption">2008 habe ich Faial als Rennradparadies entdeckt.</figcaption></figure>



<figure class="wp-block-image"><img loading="lazy" decoding="async" width="548" height="730" src="https://azorenhaus.de/azorenhaus/wp-content/uploads/2019/06/03_2010-2.jpg" alt="" class="wp-image-247" srcset="https://azorenhaus.de/azorenhaus/wp-content/uploads/2019/06/03_2010-2.jpg 548w, https://azorenhaus.de/azorenhaus/wp-content/uploads/2019/06/03_2010-2-225x300.jpg 225w" sizes="auto, (max-width: 548px) 100vw, 548px" /><figcaption class="wp-element-caption">Mein 1988er Raleigh vor Capelinhos</figcaption></figure>



<figure class="wp-block-image"><img loading="lazy" decoding="async" width="548" height="730" src="https://azorenhaus.de/azorenhaus/wp-content/uploads/2019/06/09_2008-2.jpg" alt="" class="wp-image-248" srcset="https://azorenhaus.de/azorenhaus/wp-content/uploads/2019/06/09_2008-2.jpg 548w, https://azorenhaus.de/azorenhaus/wp-content/uploads/2019/06/09_2008-2-225x300.jpg 225w" sizes="auto, (max-width: 548px) 100vw, 548px" /><figcaption class="wp-element-caption">Im Anstieg nach Castelo Branco</figcaption></figure>



<figure class="wp-block-image"><img loading="lazy" decoding="async" width="730" height="548" src="https://azorenhaus.de/azorenhaus/wp-content/uploads/2019/06/09_2008-7.jpg" alt="" class="wp-image-249" srcset="https://azorenhaus.de/azorenhaus/wp-content/uploads/2019/06/09_2008-7.jpg 730w, https://azorenhaus.de/azorenhaus/wp-content/uploads/2019/06/09_2008-7-300x225.jpg 300w" sizes="auto, (max-width: 730px) 100vw, 730px" /><figcaption class="wp-element-caption">Pause in Horta am Praia da Conceicao</figcaption></figure>



<figure class="wp-block-image"><img loading="lazy" decoding="async" width="730" height="548" src="https://azorenhaus.de/azorenhaus/wp-content/uploads/2019/06/2012-09-05-13.25.29.jpg" alt="" class="wp-image-250" srcset="https://azorenhaus.de/azorenhaus/wp-content/uploads/2019/06/2012-09-05-13.25.29.jpg 730w, https://azorenhaus.de/azorenhaus/wp-content/uploads/2019/06/2012-09-05-13.25.29-300x225.jpg 300w" sizes="auto, (max-width: 730px) 100vw, 730px" /><figcaption class="wp-element-caption">Ab 2012 brachte mein neues Rennrad von Wilier mit einer Trippelkurbel noch mehr Spaß</figcaption></figure>



<figure class="wp-block-image"><img loading="lazy" decoding="async" width="730" height="548" src="https://azorenhaus.de/azorenhaus/wp-content/uploads/2019/06/2015-05-21-12.46.10.jpg" alt="" class="wp-image-251" srcset="https://azorenhaus.de/azorenhaus/wp-content/uploads/2019/06/2015-05-21-12.46.10.jpg 730w, https://azorenhaus.de/azorenhaus/wp-content/uploads/2019/06/2015-05-21-12.46.10-300x225.jpg 300w" sizes="auto, (max-width: 730px) 100vw, 730px" /><figcaption class="wp-element-caption">Auf dem Weg zur Caldera, dem höchsten Punkt der Insel Faial mit 930 m</figcaption></figure>



<figure class="wp-block-image"><img loading="lazy" decoding="async" width="730" height="548" src="https://azorenhaus.de/azorenhaus/wp-content/uploads/2019/06/2015-09-17-14.13.59.jpg" alt="" class="wp-image-252" srcset="https://azorenhaus.de/azorenhaus/wp-content/uploads/2019/06/2015-09-17-14.13.59.jpg 730w, https://azorenhaus.de/azorenhaus/wp-content/uploads/2019/06/2015-09-17-14.13.59-300x225.jpg 300w" sizes="auto, (max-width: 730px) 100vw, 730px" /><figcaption class="wp-element-caption">Die Caldera ist 400 m tief und hat einen Durchmesser von 2 km</figcaption></figure>



<figure class="wp-block-image"><img loading="lazy" decoding="async" width="730" height="548" src="https://azorenhaus.de/azorenhaus/wp-content/uploads/2019/06/2019-05-12-12.37.08.jpg" alt="" class="wp-image-253" srcset="https://azorenhaus.de/azorenhaus/wp-content/uploads/2019/06/2019-05-12-12.37.08.jpg 730w, https://azorenhaus.de/azorenhaus/wp-content/uploads/2019/06/2019-05-12-12.37.08-300x225.jpg 300w" sizes="auto, (max-width: 730px) 100vw, 730px" /><figcaption class="wp-element-caption">Auf einer der vielen Inselrunden</figcaption></figure>



<figure class="wp-block-image"><img loading="lazy" decoding="async" width="730" height="548" src="https://azorenhaus.de/azorenhaus/wp-content/uploads/2019/06/2019-05-12-13.09.17.jpg" alt="" class="wp-image-254" srcset="https://azorenhaus.de/azorenhaus/wp-content/uploads/2019/06/2019-05-12-13.09.17.jpg 730w, https://azorenhaus.de/azorenhaus/wp-content/uploads/2019/06/2019-05-12-13.09.17-300x225.jpg 300w" sizes="auto, (max-width: 730px) 100vw, 730px" /><figcaption class="wp-element-caption">Capelinhos 2019</figcaption></figure>



<figure class="wp-block-image"><img loading="lazy" decoding="async" width="730" height="548" src="https://azorenhaus.de/azorenhaus/wp-content/uploads/2019/06/2019-05-25-12.19.18.jpg" alt="" class="wp-image-255" srcset="https://azorenhaus.de/azorenhaus/wp-content/uploads/2019/06/2019-05-25-12.19.18.jpg 730w, https://azorenhaus.de/azorenhaus/wp-content/uploads/2019/06/2019-05-25-12.19.18-300x225.jpg 300w" sizes="auto, (max-width: 730px) 100vw, 730px" /><figcaption class="wp-element-caption">Hafen von Horta</figcaption></figure>



<figure class="wp-block-image"><img loading="lazy" decoding="async" width="730" height="548" src="https://azorenhaus.de/azorenhaus/wp-content/uploads/2019/06/2019-06-10-12.53.26.jpg" alt="" class="wp-image-256" srcset="https://azorenhaus.de/azorenhaus/wp-content/uploads/2019/06/2019-06-10-12.53.26.jpg 730w, https://azorenhaus.de/azorenhaus/wp-content/uploads/2019/06/2019-06-10-12.53.26-300x225.jpg 300w" sizes="auto, (max-width: 730px) 100vw, 730px" /><figcaption class="wp-element-caption">Schön ist, dass zahlreiche Wasserstellen das Auffüllen der Trinkflasche ermöglichen.</figcaption></figure>



<figure class="wp-block-image"><img loading="lazy" decoding="async" width="730" height="548" src="https://azorenhaus.de/azorenhaus/wp-content/uploads/2019/06/20190525_125956.jpg" alt="" class="wp-image-257" srcset="https://azorenhaus.de/azorenhaus/wp-content/uploads/2019/06/20190525_125956.jpg 730w, https://azorenhaus.de/azorenhaus/wp-content/uploads/2019/06/20190525_125956-300x225.jpg 300w" sizes="auto, (max-width: 730px) 100vw, 730px" /><figcaption class="wp-element-caption">Am Aussichtspunkt Conceicao oberhalb von Horta</figcaption></figure>



<figure class="wp-block-gallery has-nested-images columns-default is-cropped wp-block-gallery-1 is-layout-flex wp-block-gallery-is-layout-flex">
<figure class="wp-block-image size-large"><img loading="lazy" decoding="async" width="1024" height="576" data-id="554" src="https://azorenhaus.de/azorenhaus/wp-content/uploads/2026/01/20230511_135530-1024x576.jpg" alt="" class="wp-image-554" srcset="https://azorenhaus.de/azorenhaus/wp-content/uploads/2026/01/20230511_135530-1024x576.jpg 1024w, https://azorenhaus.de/azorenhaus/wp-content/uploads/2026/01/20230511_135530-300x169.jpg 300w, https://azorenhaus.de/azorenhaus/wp-content/uploads/2026/01/20230511_135530-768x432.jpg 768w, https://azorenhaus.de/azorenhaus/wp-content/uploads/2026/01/20230511_135530-1536x864.jpg 1536w, https://azorenhaus.de/azorenhaus/wp-content/uploads/2026/01/20230511_135530-2048x1152.jpg 2048w" sizes="auto, (max-width: 1024px) 100vw, 1024px" /></figure>
</figure>



<p>Auf dem Weg zur Caldera 2023 auf 600 m</p>



<figure class="wp-block-image"><img loading="lazy" decoding="async" width="730" height="548" src="https://azorenhaus.de/azorenhaus/wp-content/uploads/2019/06/2019-06-10-12.55.24.jpg" alt="" class="wp-image-258" srcset="https://azorenhaus.de/azorenhaus/wp-content/uploads/2019/06/2019-06-10-12.55.24.jpg 730w, https://azorenhaus.de/azorenhaus/wp-content/uploads/2019/06/2019-06-10-12.55.24-300x225.jpg 300w" sizes="auto, (max-width: 730px) 100vw, 730px" /></figure>
