{"id":33,"date":"2019-05-27T06:58:57","date_gmt":"2019-05-27T04:58:57","guid":{"rendered":"http:\/\/azorenhaus.de\/azorenhaus\/?page_id=33"},"modified":"2019-09-06T18:46:27","modified_gmt":"2019-09-06T16:46:27","slug":"adegas-und-atefonas","status":"publish","type":"page","link":"https:\/\/azorenhaus.de\/azorenhaus\/adegas-und-atefonas\/","title":{"rendered":"Adegas und Atefonas"},"content":{"rendered":"<p>Adegas und Atefonas sind die portugiesischen Bezeichnungen der landwirtschaftlichen Wirtschaftsgeb\u00e4ude. Wobei die ATEFONAS eher f\u00fcr die Wiesen und Felder da waren. Sie sind meist zweigeschossig. Im oberen Teil wurden Mais und Heu gelagert. Unten standen das Vieh und die Ger\u00e4te. Hier befanden sich auch oft die M\u00fchlsteine, um den Mais zu mahlen. Ochsen oder Esel drehten die Steine, von oben wurde der trockene Mais eingef\u00fcllt.<\/p>\n\n\n<figure class=\"wp-block-image\"><img loading=\"lazy\" decoding=\"async\" width=\"1024\" height=\"768\" src=\"https:\/\/azorenhaus.de\/azorenhaus\/wp-content\/uploads\/2019\/06\/100-0003_IMG-1024x768.jpg\" alt=\"\" class=\"wp-image-235\" srcset=\"https:\/\/azorenhaus.de\/azorenhaus\/wp-content\/uploads\/2019\/06\/100-0003_IMG-1024x768.jpg 1024w, https:\/\/azorenhaus.de\/azorenhaus\/wp-content\/uploads\/2019\/06\/100-0003_IMG-300x225.jpg 300w, https:\/\/azorenhaus.de\/azorenhaus\/wp-content\/uploads\/2019\/06\/100-0003_IMG-768x576.jpg 768w, https:\/\/azorenhaus.de\/azorenhaus\/wp-content\/uploads\/2019\/06\/100-0003_IMG.jpg 1600w\" sizes=\"auto, (max-width: 1024px) 100vw, 1024px\" \/><figcaption>Diese gut erhaltene Atafona steht an der Nordk\u00fcste in der N\u00e4he von Cedros<\/figcaption><\/figure>\n\n\n\n<figure class=\"wp-block-image\"><img loading=\"lazy\" decoding=\"async\" width=\"1024\" height=\"768\" src=\"https:\/\/azorenhaus.de\/azorenhaus\/wp-content\/uploads\/2019\/06\/CIMG0102-1024x768.jpg\" alt=\"\" class=\"wp-image-233\" srcset=\"https:\/\/azorenhaus.de\/azorenhaus\/wp-content\/uploads\/2019\/06\/CIMG0102-1024x768.jpg 1024w, https:\/\/azorenhaus.de\/azorenhaus\/wp-content\/uploads\/2019\/06\/CIMG0102-300x225.jpg 300w, https:\/\/azorenhaus.de\/azorenhaus\/wp-content\/uploads\/2019\/06\/CIMG0102-768x576.jpg 768w\" sizes=\"auto, (max-width: 1024px) 100vw, 1024px\" \/><\/figure>\n\n\n\n<p>Die ADEGAS wurden in den G\u00e4rten und Weinfeldern errichtet, die sich auf Faial vor allem im Westen zwischen Praia do Norte und Varadouro befinden. <\/p>\n\n\n\n<figure class=\"wp-block-image\"><img loading=\"lazy\" decoding=\"async\" width=\"799\" height=\"546\" src=\"https:\/\/azorenhaus.de\/azorenhaus\/wp-content\/uploads\/2019\/06\/Adega-3.jpg\" alt=\"\" class=\"wp-image-236\" srcset=\"https:\/\/azorenhaus.de\/azorenhaus\/wp-content\/uploads\/2019\/06\/Adega-3.jpg 799w, https:\/\/azorenhaus.de\/azorenhaus\/wp-content\/uploads\/2019\/06\/Adega-3-300x205.jpg 300w, https:\/\/azorenhaus.de\/azorenhaus\/wp-content\/uploads\/2019\/06\/Adega-3-768x525.jpg 768w\" sizes=\"auto, (max-width: 799px) 100vw, 799px\" \/><figcaption>In Faja stehen die Adegas dichter zusammen<\/figcaption><\/figure>\n\n\n<p>Der Wein, der in den Adegas entsteht, ist fast immer rot und schwer. Ausgesch\u00e4nkt wird er oft auf den d\u00f6rflichen Festen. Ansonsten ist er nur f\u00fcr den Eigengebrauch. Eine Ausnahme bildet hierbei der Picowein. Auf Grund des besonderen vulkanischen Bodens war der Wein etwas Au\u00dfergew\u00f6hnliches und schon im 19. Jahrhundert ein Exportprodukt, das bis an den russischen Zarenhof geliefert worden sein soll.<\/p>\n\n\n<figure class=\"wp-block-image\"><img loading=\"lazy\" decoding=\"async\" width=\"546\" height=\"799\" src=\"https:\/\/azorenhaus.de\/azorenhaus\/wp-content\/uploads\/2019\/06\/Adegas-Pico.jpg\" alt=\"\" class=\"wp-image-242\" srcset=\"https:\/\/azorenhaus.de\/azorenhaus\/wp-content\/uploads\/2019\/06\/Adegas-Pico.jpg 546w, https:\/\/azorenhaus.de\/azorenhaus\/wp-content\/uploads\/2019\/06\/Adegas-Pico-205x300.jpg 205w\" sizes=\"auto, (max-width: 546px) 100vw, 546px\" \/><figcaption>Die Adegas auf Pico.  Die Weinbaugebiete wurden 2004 zum <em>UNESCO<\/em>-Weltkulturerbe erkl\u00e4rt. <a href=\"https:\/\/de.wikipedia.org\/wiki\/Weinbaukulturlandschaft_der_Insel_Pico\">Mehr&#8230;<\/a><\/figcaption><\/figure>\n\n\n\n<ul class=\"wp-block-gallery columns-1 is-cropped wp-block-gallery-1 is-layout-flex wp-block-gallery-is-layout-flex\"><li class=\"blocks-gallery-item\"><figure><img loading=\"lazy\" decoding=\"async\" width=\"632\" height=\"474\" src=\"https:\/\/azorenhaus.de\/azorenhaus\/wp-content\/uploads\/2019\/08\/image007-5.jpg\" alt=\"\" data-id=\"464\" data-link=\"http:\/\/azorenhaus.de\/adegas-und-atefonas\/image007-5\/\" class=\"wp-image-464\" srcset=\"https:\/\/azorenhaus.de\/azorenhaus\/wp-content\/uploads\/2019\/08\/image007-5.jpg 632w, https:\/\/azorenhaus.de\/azorenhaus\/wp-content\/uploads\/2019\/08\/image007-5-300x225.jpg 300w\" sizes=\"auto, (max-width: 632px) 100vw, 632px\" \/><\/figure><\/li><li class=\"blocks-gallery-item\"><figure><img loading=\"lazy\" decoding=\"async\" width=\"632\" height=\"474\" src=\"https:\/\/azorenhaus.de\/azorenhaus\/wp-content\/uploads\/2019\/08\/image008-6.jpg\" alt=\"\" data-id=\"465\" data-link=\"http:\/\/azorenhaus.de\/adegas-und-atefonas\/image008-6\/\" class=\"wp-image-465\" srcset=\"https:\/\/azorenhaus.de\/azorenhaus\/wp-content\/uploads\/2019\/08\/image008-6.jpg 632w, https:\/\/azorenhaus.de\/azorenhaus\/wp-content\/uploads\/2019\/08\/image008-6-300x225.jpg 300w\" sizes=\"auto, (max-width: 632px) 100vw, 632px\" \/><\/figure><\/li><li class=\"blocks-gallery-item\"><figure><img loading=\"lazy\" decoding=\"async\" width=\"632\" height=\"474\" src=\"https:\/\/azorenhaus.de\/azorenhaus\/wp-content\/uploads\/2019\/08\/image009-5.jpg\" alt=\"\" data-id=\"466\" data-link=\"http:\/\/azorenhaus.de\/adegas-und-atefonas\/image009-5\/\" class=\"wp-image-466\" srcset=\"https:\/\/azorenhaus.de\/azorenhaus\/wp-content\/uploads\/2019\/08\/image009-5.jpg 632w, https:\/\/azorenhaus.de\/azorenhaus\/wp-content\/uploads\/2019\/08\/image009-5-300x225.jpg 300w\" sizes=\"auto, (max-width: 632px) 100vw, 632px\" \/><\/figure><\/li><li class=\"blocks-gallery-item\"><figure><img loading=\"lazy\" decoding=\"async\" width=\"632\" height=\"474\" src=\"https:\/\/azorenhaus.de\/azorenhaus\/wp-content\/uploads\/2019\/08\/image010-5.jpg\" alt=\"\" data-id=\"467\" data-link=\"http:\/\/azorenhaus.de\/adegas-und-atefonas\/image010-5-2\/\" class=\"wp-image-467\" srcset=\"https:\/\/azorenhaus.de\/azorenhaus\/wp-content\/uploads\/2019\/08\/image010-5.jpg 632w, https:\/\/azorenhaus.de\/azorenhaus\/wp-content\/uploads\/2019\/08\/image010-5-300x225.jpg 300w\" sizes=\"auto, (max-width: 632px) 100vw, 632px\" \/><\/figure><\/li><li class=\"blocks-gallery-item\"><figure><img loading=\"lazy\" decoding=\"async\" width=\"663\" height=\"452\" src=\"https:\/\/azorenhaus.de\/azorenhaus\/wp-content\/uploads\/2019\/08\/image011-4.jpg\" alt=\"\" data-id=\"468\" data-link=\"http:\/\/azorenhaus.de\/adegas-und-atefonas\/atafona-cascalho-cima-21\/\" class=\"wp-image-468\" srcset=\"https:\/\/azorenhaus.de\/azorenhaus\/wp-content\/uploads\/2019\/08\/image011-4.jpg 663w, https:\/\/azorenhaus.de\/azorenhaus\/wp-content\/uploads\/2019\/08\/image011-4-300x205.jpg 300w\" sizes=\"auto, (max-width: 663px) 100vw, 663px\" \/><figcaption>Atafona Cascalho Cima 21<\/figcaption><\/figure><\/li><li class=\"blocks-gallery-item\"><figure><img loading=\"lazy\" decoding=\"async\" width=\"1024\" height=\"697\" src=\"https:\/\/azorenhaus.de\/azorenhaus\/wp-content\/uploads\/2019\/08\/img013-1024x697.jpg\" alt=\"\" data-id=\"469\" data-link=\"http:\/\/azorenhaus.de\/adegas-und-atefonas\/img013\/\" class=\"wp-image-469\" srcset=\"https:\/\/azorenhaus.de\/azorenhaus\/wp-content\/uploads\/2019\/08\/img013-1024x697.jpg 1024w, https:\/\/azorenhaus.de\/azorenhaus\/wp-content\/uploads\/2019\/08\/img013-300x204.jpg 300w, https:\/\/azorenhaus.de\/azorenhaus\/wp-content\/uploads\/2019\/08\/img013-768x523.jpg 768w, https:\/\/azorenhaus.de\/azorenhaus\/wp-content\/uploads\/2019\/08\/img013.jpg 1748w\" sizes=\"auto, (max-width: 1024px) 100vw, 1024px\" \/><\/figure><\/li><li class=\"blocks-gallery-item\"><figure><img loading=\"lazy\" decoding=\"async\" width=\"632\" height=\"474\" src=\"https:\/\/azorenhaus.de\/azorenhaus\/wp-content\/uploads\/2019\/08\/image001-6.jpg\" alt=\"\" data-id=\"470\" data-link=\"http:\/\/azorenhaus.de\/adegas-und-atefonas\/cedros-matu\/\" class=\"wp-image-470\" srcset=\"https:\/\/azorenhaus.de\/azorenhaus\/wp-content\/uploads\/2019\/08\/image001-6.jpg 632w, https:\/\/azorenhaus.de\/azorenhaus\/wp-content\/uploads\/2019\/08\/image001-6-300x225.jpg 300w\" sizes=\"auto, (max-width: 632px) 100vw, 632px\" \/><figcaption>Cedros Matu<\/figcaption><\/figure><\/li><li class=\"blocks-gallery-item\"><figure><img loading=\"lazy\" decoding=\"async\" width=\"632\" height=\"474\" src=\"https:\/\/azorenhaus.de\/azorenhaus\/wp-content\/uploads\/2019\/08\/image002-6.jpg\" alt=\"\" data-id=\"471\" data-link=\"http:\/\/azorenhaus.de\/adegas-und-atefonas\/image002-6\/\" class=\"wp-image-471\" srcset=\"https:\/\/azorenhaus.de\/azorenhaus\/wp-content\/uploads\/2019\/08\/image002-6.jpg 632w, https:\/\/azorenhaus.de\/azorenhaus\/wp-content\/uploads\/2019\/08\/image002-6-300x225.jpg 300w\" sizes=\"auto, (max-width: 632px) 100vw, 632px\" \/><\/figure><\/li><li class=\"blocks-gallery-item\"><figure><img loading=\"lazy\" decoding=\"async\" width=\"632\" height=\"474\" src=\"https:\/\/azorenhaus.de\/azorenhaus\/wp-content\/uploads\/2019\/08\/image003-7.jpg\" alt=\"\" data-id=\"472\" data-link=\"http:\/\/azorenhaus.de\/adegas-und-atefonas\/image003-7\/\" class=\"wp-image-472\" srcset=\"https:\/\/azorenhaus.de\/azorenhaus\/wp-content\/uploads\/2019\/08\/image003-7.jpg 632w, https:\/\/azorenhaus.de\/azorenhaus\/wp-content\/uploads\/2019\/08\/image003-7-300x225.jpg 300w\" sizes=\"auto, (max-width: 632px) 100vw, 632px\" \/><\/figure><\/li><li class=\"blocks-gallery-item\"><figure><img loading=\"lazy\" decoding=\"async\" width=\"632\" height=\"474\" src=\"https:\/\/azorenhaus.de\/azorenhaus\/wp-content\/uploads\/2019\/08\/image004-7.jpg\" alt=\"\" data-id=\"473\" data-link=\"http:\/\/azorenhaus.de\/adegas-und-atefonas\/image004-7\/\" class=\"wp-image-473\" srcset=\"https:\/\/azorenhaus.de\/azorenhaus\/wp-content\/uploads\/2019\/08\/image004-7.jpg 632w, https:\/\/azorenhaus.de\/azorenhaus\/wp-content\/uploads\/2019\/08\/image004-7-300x225.jpg 300w\" sizes=\"auto, (max-width: 632px) 100vw, 632px\" \/><\/figure><\/li><li class=\"blocks-gallery-item\"><figure><img loading=\"lazy\" decoding=\"async\" width=\"632\" height=\"474\" src=\"https:\/\/azorenhaus.de\/azorenhaus\/wp-content\/uploads\/2019\/08\/image005-5.jpg\" alt=\"\" data-id=\"474\" data-link=\"http:\/\/azorenhaus.de\/adegas-und-atefonas\/image005-5-2\/\" class=\"wp-image-474\" srcset=\"https:\/\/azorenhaus.de\/azorenhaus\/wp-content\/uploads\/2019\/08\/image005-5.jpg 632w, https:\/\/azorenhaus.de\/azorenhaus\/wp-content\/uploads\/2019\/08\/image005-5-300x225.jpg 300w\" sizes=\"auto, (max-width: 632px) 100vw, 632px\" \/><\/figure><\/li><li class=\"blocks-gallery-item\"><figure><img loading=\"lazy\" decoding=\"async\" width=\"1024\" height=\"768\" src=\"https:\/\/azorenhaus.de\/azorenhaus\/wp-content\/uploads\/2019\/09\/100-0003_IMG-1024x768.jpg\" alt=\"\" data-id=\"514\" data-link=\"http:\/\/azorenhaus.de\/adegas-und-atefonas\/100-0003_img-2\/\" class=\"wp-image-514\" srcset=\"https:\/\/azorenhaus.de\/azorenhaus\/wp-content\/uploads\/2019\/09\/100-0003_IMG-1024x768.jpg 1024w, https:\/\/azorenhaus.de\/azorenhaus\/wp-content\/uploads\/2019\/09\/100-0003_IMG-300x225.jpg 300w, https:\/\/azorenhaus.de\/azorenhaus\/wp-content\/uploads\/2019\/09\/100-0003_IMG-768x576.jpg 768w, https:\/\/azorenhaus.de\/azorenhaus\/wp-content\/uploads\/2019\/09\/100-0003_IMG.jpg 1600w\" sizes=\"auto, (max-width: 1024px) 100vw, 1024px\" \/><\/figure><\/li><li class=\"blocks-gallery-item\"><figure><img loading=\"lazy\" decoding=\"async\" width=\"1024\" height=\"768\" src=\"https:\/\/azorenhaus.de\/azorenhaus\/wp-content\/uploads\/2019\/09\/100-0004_IMG-1024x768.jpg\" alt=\"\" data-id=\"515\" data-link=\"http:\/\/azorenhaus.de\/adegas-und-atefonas\/100-0004_img\/\" class=\"wp-image-515\" srcset=\"https:\/\/azorenhaus.de\/azorenhaus\/wp-content\/uploads\/2019\/09\/100-0004_IMG-1024x768.jpg 1024w, https:\/\/azorenhaus.de\/azorenhaus\/wp-content\/uploads\/2019\/09\/100-0004_IMG-300x225.jpg 300w, https:\/\/azorenhaus.de\/azorenhaus\/wp-content\/uploads\/2019\/09\/100-0004_IMG-768x576.jpg 768w, https:\/\/azorenhaus.de\/azorenhaus\/wp-content\/uploads\/2019\/09\/100-0004_IMG.jpg 1600w\" sizes=\"auto, (max-width: 1024px) 100vw, 1024px\" \/><figcaption>Neben eineigen Atafonas ist eine Zisterne angelegt<\/figcaption><\/figure><\/li><li class=\"blocks-gallery-item\"><figure><img loading=\"lazy\" decoding=\"async\" width=\"1024\" height=\"937\" src=\"https:\/\/azorenhaus.de\/azorenhaus\/wp-content\/uploads\/2019\/09\/2019-08-21-14.19.47-1024x937.jpg\" alt=\"\" data-id=\"516\" data-link=\"http:\/\/azorenhaus.de\/adegas-und-atefonas\/2019-08-21-14-19-47\/\" class=\"wp-image-516\" srcset=\"https:\/\/azorenhaus.de\/azorenhaus\/wp-content\/uploads\/2019\/09\/2019-08-21-14.19.47-1024x937.jpg 1024w, https:\/\/azorenhaus.de\/azorenhaus\/wp-content\/uploads\/2019\/09\/2019-08-21-14.19.47-300x274.jpg 300w, https:\/\/azorenhaus.de\/azorenhaus\/wp-content\/uploads\/2019\/09\/2019-08-21-14.19.47-768x703.jpg 768w\" sizes=\"auto, (max-width: 1024px) 100vw, 1024px\" \/><figcaption>Atafona mit Garage f\u00fcr den roten Ochsenkarren<\/figcaption><\/figure><\/li><li class=\"blocks-gallery-item\"><figure><img loading=\"lazy\" decoding=\"async\" width=\"1024\" height=\"768\" src=\"https:\/\/azorenhaus.de\/azorenhaus\/wp-content\/uploads\/2019\/09\/100-0002_IMG-1024x768.jpg\" alt=\"\" data-id=\"517\" data-link=\"http:\/\/azorenhaus.de\/adegas-und-atefonas\/100-0002_img\/\" class=\"wp-image-517\" srcset=\"https:\/\/azorenhaus.de\/azorenhaus\/wp-content\/uploads\/2019\/09\/100-0002_IMG-1024x768.jpg 1024w, https:\/\/azorenhaus.de\/azorenhaus\/wp-content\/uploads\/2019\/09\/100-0002_IMG-300x225.jpg 300w, https:\/\/azorenhaus.de\/azorenhaus\/wp-content\/uploads\/2019\/09\/100-0002_IMG-768x576.jpg 768w, https:\/\/azorenhaus.de\/azorenhaus\/wp-content\/uploads\/2019\/09\/100-0002_IMG.jpg 1600w\" sizes=\"auto, (max-width: 1024px) 100vw, 1024px\" \/><figcaption>Atafona mit Zisterne<\/figcaption><\/figure><\/li><\/ul>\n\n\n\n<p>Noch stehen viele der Atafonas und werden genutzt. Aber der Wandel in der Landwirtschaft hat nat\u00fcrlich auch die Azoren erreicht. Felder werden zusammengelegt, Terrassen begradigt, um sie besser mit Maschinen zu bearbeiten. Der Trecker passt in keine Atafona.<\/p>\n","protected":false},"excerpt":{"rendered":"<p>Adegas und Atefonas sind die portugiesischen Bezeichnungen der landwirtschaftlichen Wirtschaftsgeb\u00e4ude. Wobei die ATEFONAS eher f\u00fcr die Wiesen und Felder da waren. Sie sind meist zweigeschossig. Im oberen Teil wurden Mais und Heu gelagert. Unten standen das Vieh und die Ger\u00e4te. Hier befanden sich auch oft die M\u00fchlsteine, um den Mais [&hellip;]<\/p>\n","protected":false},"author":2,"featured_media":233,"parent":0,"menu_order":0,"comment_status":"closed","ping_status":"closed","template":"","meta":{"footnotes":""},"class_list":["post-33","page","type-page","status-publish","has-post-thumbnail","hentry"],"_links":{"self":[{"href":"https:\/\/azorenhaus.de\/azorenhaus\/wp-json\/wp\/v2\/pages\/33","targetHints":{"allow":["GET"]}}],"collection":[{"href":"https:\/\/azorenhaus.de\/azorenhaus\/wp-json\/wp\/v2\/pages"}],"about":[{"href":"https:\/\/azorenhaus.de\/azorenhaus\/wp-json\/wp\/v2\/types\/page"}],"author":[{"embeddable":true,"href":"https:\/\/azorenhaus.de\/azorenhaus\/wp-json\/wp\/v2\/users\/2"}],"replies":[{"embeddable":true,"href":"https:\/\/azorenhaus.de\/azorenhaus\/wp-json\/wp\/v2\/comments?post=33"}],"version-history":[{"count":8,"href":"https:\/\/azorenhaus.de\/azorenhaus\/wp-json\/wp\/v2\/pages\/33\/revisions"}],"predecessor-version":[{"id":521,"href":"https:\/\/azorenhaus.de\/azorenhaus\/wp-json\/wp\/v2\/pages\/33\/revisions\/521"}],"wp:featuredmedia":[{"embeddable":true,"href":"https:\/\/azorenhaus.de\/azorenhaus\/wp-json\/wp\/v2\/media\/233"}],"wp:attachment":[{"href":"https:\/\/azorenhaus.de\/azorenhaus\/wp-json\/wp\/v2\/media?parent=33"}],"curies":[{"name":"wp","href":"https:\/\/api.w.org\/{rel}","templated":true}]}}