{"id":39,"date":"2019-05-27T07:00:28","date_gmt":"2019-05-27T05:00:28","guid":{"rendered":"http:\/\/azorenhaus.de\/azorenhaus\/?page_id=39"},"modified":"2019-09-17T15:35:10","modified_gmt":"2019-09-17T13:35:10","slug":"sonderbauten-windmuehlen-leuchttuerme","status":"publish","type":"page","link":"https:\/\/azorenhaus.de\/azorenhaus\/sonderbauten-windmuehlen-leuchttuerme\/","title":{"rendered":"Windm\u00fchlen und Leuchtt\u00fcrme"},"content":{"rendered":"\n<p>Der wohl ber\u00fchmteste Leuchtturm der Azoren ist sicherlich der von Capelinhos. 1958 entstand direkt vor der Landspitze von Capelo durch einen heftigen Vulkanausbruch ein neuer Teil der Insel Faial und der Leuchtturm versank in dem Ascheregen und markierte pl\u00f6tzlich nicht mehr das Ufer. Aber er blieb stehen, war lange eine Ruine und ist heute zu einem Museum ausgebaut. Da die Leucht\u00fcrme sowohl f\u00fcr die Seefahrt als auch f\u00fcr die Marine von gro\u00dfer Bedeutung waren, wurde der Betrieb vom Milit\u00e4r gew\u00e4hrleistet. Es war eine Frage der inneren Sicherheit, dass die Leuchtfeuer pr\u00e4zise funktionierten. Mit dem Interval des Lichts waren die Punkte vom Meer genau zu identifizieren. Neben dem Turm geh\u00f6rten auch immer Wohnr\u00e4ume f\u00fcr die Leuchtturmw\u00e4rter mit ihren Familien zu der Anlage.<\/p>\n\n\n\n<figure class=\"wp-block-image\"><img loading=\"lazy\" decoding=\"async\" width=\"474\" height=\"632\" src=\"https:\/\/azorenhaus.de\/azorenhaus\/wp-content\/uploads\/2019\/09\/image001.jpg\" alt=\"\" class=\"wp-image-480\" srcset=\"https:\/\/azorenhaus.de\/azorenhaus\/wp-content\/uploads\/2019\/09\/image001.jpg 474w, https:\/\/azorenhaus.de\/azorenhaus\/wp-content\/uploads\/2019\/09\/image001-225x300.jpg 225w\" sizes=\"auto, (max-width: 474px) 100vw, 474px\" \/><figcaption>Leuchtturm von Capelinhos 1999 vor der Restaurierung<\/figcaption><\/figure>\n\n\n\n<p><\/p>\n\n\n\n<figure class=\"wp-block-image\"><img loading=\"lazy\" decoding=\"async\" width=\"464\" height=\"647\" src=\"https:\/\/azorenhaus.de\/azorenhaus\/wp-content\/uploads\/2019\/09\/image009.jpg\" alt=\"\" class=\"wp-image-483\" srcset=\"https:\/\/azorenhaus.de\/azorenhaus\/wp-content\/uploads\/2019\/09\/image009.jpg 464w, https:\/\/azorenhaus.de\/azorenhaus\/wp-content\/uploads\/2019\/09\/image009-215x300.jpg 215w\" sizes=\"auto, (max-width: 464px) 100vw, 464px\" \/><figcaption>Solide aus Natursteinen errichtet, hat der Turm den Vulkanausbruch \u00fcberstanden<\/figcaption><\/figure>\n\n\n\n<figure class=\"wp-block-image\"><img loading=\"lazy\" decoding=\"async\" width=\"1024\" height=\"768\" src=\"https:\/\/azorenhaus.de\/azorenhaus\/wp-content\/uploads\/2019\/09\/2019-09-05-12.50.53-1024x768.jpg\" alt=\"\" class=\"wp-image-511\" srcset=\"https:\/\/azorenhaus.de\/azorenhaus\/wp-content\/uploads\/2019\/09\/2019-09-05-12.50.53-1024x768.jpg 1024w, https:\/\/azorenhaus.de\/azorenhaus\/wp-content\/uploads\/2019\/09\/2019-09-05-12.50.53-300x225.jpg 300w, https:\/\/azorenhaus.de\/azorenhaus\/wp-content\/uploads\/2019\/09\/2019-09-05-12.50.53-768x576.jpg 768w\" sizes=\"auto, (max-width: 1024px) 100vw, 1024px\" \/><figcaption>Heute ersetzt dieser schmucklose Leuchtturm in Capelo den zerst\u00f6rten<\/figcaption><\/figure>\n\n\n\n<figure class=\"wp-block-image\"><img loading=\"lazy\" decoding=\"async\" width=\"632\" height=\"474\" src=\"https:\/\/azorenhaus.de\/azorenhaus\/wp-content\/uploads\/2019\/09\/image012.jpg\" alt=\"\" class=\"wp-image-481\" srcset=\"https:\/\/azorenhaus.de\/azorenhaus\/wp-content\/uploads\/2019\/09\/image012.jpg 632w, https:\/\/azorenhaus.de\/azorenhaus\/wp-content\/uploads\/2019\/09\/image012-300x225.jpg 300w\" sizes=\"auto, (max-width: 632px) 100vw, 632px\" \/><figcaption> An der Ostspitze von Pico fndet sich eine vollst\u00e4ndig erhaltene Anlage <\/figcaption><\/figure>\n\n\n\n<figure class=\"wp-block-image\"><img loading=\"lazy\" decoding=\"async\" width=\"632\" height=\"474\" src=\"https:\/\/azorenhaus.de\/azorenhaus\/wp-content\/uploads\/2019\/09\/image008.jpg\" alt=\"\" class=\"wp-image-482\" srcset=\"https:\/\/azorenhaus.de\/azorenhaus\/wp-content\/uploads\/2019\/09\/image008.jpg 632w, https:\/\/azorenhaus.de\/azorenhaus\/wp-content\/uploads\/2019\/09\/image008-300x225.jpg 300w\" sizes=\"auto, (max-width: 632px) 100vw, 632px\" \/><figcaption>Dieses kleine Leuchtfeuer findet sich in Pico, im Hintergrund liegt Sao Jorge<\/figcaption><\/figure>\n\n\n\n<figure class=\"wp-block-image\"><img loading=\"lazy\" decoding=\"async\" width=\"1024\" height=\"829\" src=\"https:\/\/azorenhaus.de\/azorenhaus\/wp-content\/uploads\/2019\/09\/CIMG2071-1024x829.jpg\" alt=\"\" class=\"wp-image-508\" srcset=\"https:\/\/azorenhaus.de\/azorenhaus\/wp-content\/uploads\/2019\/09\/CIMG2071-1024x829.jpg 1024w, https:\/\/azorenhaus.de\/azorenhaus\/wp-content\/uploads\/2019\/09\/CIMG2071-300x243.jpg 300w, https:\/\/azorenhaus.de\/azorenhaus\/wp-content\/uploads\/2019\/09\/CIMG2071-768x622.jpg 768w, https:\/\/azorenhaus.de\/azorenhaus\/wp-content\/uploads\/2019\/09\/CIMG2071.jpg 1627w\" sizes=\"auto, (max-width: 1024px) 100vw, 1024px\" \/><figcaption>Dieser Leuchtturm auf Flores markiert den westlichsten Punkt Europas<\/figcaption><\/figure>\n\n\n\n<p>Die Windm\u00fchlen der Azoren sind so unterschiedlich wie die Inseln selbst. Heute sind nur noch wenige erhalten und werden auch nicht mehr betrieben. So manche l\u00e4sst sich aber besichtigen.<\/p>\n\n\n\n<figure class=\"wp-block-image\"><img loading=\"lazy\" decoding=\"async\" width=\"698\" height=\"430\" src=\"https:\/\/azorenhaus.de\/azorenhaus\/wp-content\/uploads\/2019\/09\/image005.jpg\" alt=\"\" class=\"wp-image-485\" srcset=\"https:\/\/azorenhaus.de\/azorenhaus\/wp-content\/uploads\/2019\/09\/image005.jpg 698w, https:\/\/azorenhaus.de\/azorenhaus\/wp-content\/uploads\/2019\/09\/image005-300x185.jpg 300w\" sizes=\"auto, (max-width: 698px) 100vw, 698px\" \/><figcaption>M\u00fchle in Cascalho, Faial<\/figcaption><\/figure>\n\n\n\n<figure class=\"wp-block-image\"><img loading=\"lazy\" decoding=\"async\" width=\"1024\" height=\"768\" src=\"https:\/\/azorenhaus.de\/azorenhaus\/wp-content\/uploads\/2019\/09\/2019-09-04-17.19.11-1024x768.jpg\" alt=\"\" class=\"wp-image-512\" srcset=\"https:\/\/azorenhaus.de\/azorenhaus\/wp-content\/uploads\/2019\/09\/2019-09-04-17.19.11-1024x768.jpg 1024w, https:\/\/azorenhaus.de\/azorenhaus\/wp-content\/uploads\/2019\/09\/2019-09-04-17.19.11-300x225.jpg 300w, https:\/\/azorenhaus.de\/azorenhaus\/wp-content\/uploads\/2019\/09\/2019-09-04-17.19.11-768x576.jpg 768w\" sizes=\"auto, (max-width: 1024px) 100vw, 1024px\" \/><figcaption>M\u00fchle in Salao, Faial<\/figcaption><\/figure>\n\n\n\n<figure class=\"wp-block-image\"><img loading=\"lazy\" decoding=\"async\" width=\"632\" height=\"474\" src=\"https:\/\/azorenhaus.de\/azorenhaus\/wp-content\/uploads\/2019\/09\/image004.jpg\" alt=\"\" class=\"wp-image-486\" srcset=\"https:\/\/azorenhaus.de\/azorenhaus\/wp-content\/uploads\/2019\/09\/image004.jpg 632w, https:\/\/azorenhaus.de\/azorenhaus\/wp-content\/uploads\/2019\/09\/image004-300x225.jpg 300w\" sizes=\"auto, (max-width: 632px) 100vw, 632px\" \/><figcaption>Die M\u00fchlen oberhalb von Horta in Conceicao<\/figcaption><\/figure>\n\n\n\n<figure class=\"wp-block-image\"><img loading=\"lazy\" decoding=\"async\" width=\"671\" height=\"447\" src=\"https:\/\/azorenhaus.de\/azorenhaus\/wp-content\/uploads\/2019\/09\/image006.jpg\" alt=\"\" class=\"wp-image-487\" srcset=\"https:\/\/azorenhaus.de\/azorenhaus\/wp-content\/uploads\/2019\/09\/image006.jpg 671w, https:\/\/azorenhaus.de\/azorenhaus\/wp-content\/uploads\/2019\/09\/image006-300x200.jpg 300w, https:\/\/azorenhaus.de\/azorenhaus\/wp-content\/uploads\/2019\/09\/image006-360x240.jpg 360w\" sizes=\"auto, (max-width: 671px) 100vw, 671px\" \/><figcaption>M\u00fchlen auf Corvo mit Blick auf Flores<\/figcaption><\/figure>\n\n\n\n<figure class=\"wp-block-image\"><img loading=\"lazy\" decoding=\"async\" width=\"485\" height=\"618\" src=\"https:\/\/azorenhaus.de\/azorenhaus\/wp-content\/uploads\/2019\/09\/image011.jpg\" alt=\"\" class=\"wp-image-488\" srcset=\"https:\/\/azorenhaus.de\/azorenhaus\/wp-content\/uploads\/2019\/09\/image011.jpg 485w, https:\/\/azorenhaus.de\/azorenhaus\/wp-content\/uploads\/2019\/09\/image011-235x300.jpg 235w\" sizes=\"auto, (max-width: 485px) 100vw, 485px\" \/><figcaption>&#8230;auf Graciosa<\/figcaption><\/figure>\n\n\n\n<figure class=\"wp-block-image\"><img loading=\"lazy\" decoding=\"async\" width=\"762\" height=\"548\" src=\"https:\/\/azorenhaus.de\/azorenhaus\/wp-content\/uploads\/2019\/09\/2019-09-15-SaoJ.jpg\" alt=\"\" class=\"wp-image-523\" srcset=\"https:\/\/azorenhaus.de\/azorenhaus\/wp-content\/uploads\/2019\/09\/2019-09-15-SaoJ.jpg 762w, https:\/\/azorenhaus.de\/azorenhaus\/wp-content\/uploads\/2019\/09\/2019-09-15-SaoJ-300x216.jpg 300w\" sizes=\"auto, (max-width: 762px) 100vw, 762px\" \/><figcaption>M\u00fchle auf Sao Jorge bei Urzulina<\/figcaption><\/figure>\n\n\n\n<ul class=\"wp-block-gallery columns-1 is-cropped wp-block-gallery-1 is-layout-flex wp-block-gallery-is-layout-flex\"><li class=\"blocks-gallery-item\"><figure><img loading=\"lazy\" decoding=\"async\" width=\"645\" height=\"465\" src=\"https:\/\/azorenhaus.de\/azorenhaus\/wp-content\/uploads\/2019\/09\/image010.jpg\" alt=\"\" data-id=\"489\" data-link=\"http:\/\/azorenhaus.de\/sonderbauten-windmuehlen-leuchttuerme\/image010-6\/\" class=\"wp-image-489\" srcset=\"https:\/\/azorenhaus.de\/azorenhaus\/wp-content\/uploads\/2019\/09\/image010.jpg 645w, https:\/\/azorenhaus.de\/azorenhaus\/wp-content\/uploads\/2019\/09\/image010-300x216.jpg 300w\" sizes=\"auto, (max-width: 645px) 100vw, 645px\" \/><\/figure><\/li><li class=\"blocks-gallery-item\"><figure><img loading=\"lazy\" decoding=\"async\" width=\"679\" height=\"442\" src=\"https:\/\/azorenhaus.de\/azorenhaus\/wp-content\/uploads\/2019\/09\/image013.jpg\" alt=\"\" data-id=\"490\" data-link=\"http:\/\/azorenhaus.de\/sonderbauten-windmuehlen-leuchttuerme\/image013-5\/\" class=\"wp-image-490\" srcset=\"https:\/\/azorenhaus.de\/azorenhaus\/wp-content\/uploads\/2019\/09\/image013.jpg 679w, https:\/\/azorenhaus.de\/azorenhaus\/wp-content\/uploads\/2019\/09\/image013-300x195.jpg 300w\" sizes=\"auto, (max-width: 679px) 100vw, 679px\" \/><\/figure><\/li><li class=\"blocks-gallery-item\"><figure><img loading=\"lazy\" decoding=\"async\" width=\"490\" height=\"612\" src=\"https:\/\/azorenhaus.de\/azorenhaus\/wp-content\/uploads\/2019\/09\/image014.jpg\" alt=\"\" data-id=\"491\" data-link=\"http:\/\/azorenhaus.de\/sonderbauten-windmuehlen-leuchttuerme\/image014-4\/\" class=\"wp-image-491\" srcset=\"https:\/\/azorenhaus.de\/azorenhaus\/wp-content\/uploads\/2019\/09\/image014.jpg 490w, https:\/\/azorenhaus.de\/azorenhaus\/wp-content\/uploads\/2019\/09\/image014-240x300.jpg 240w\" sizes=\"auto, (max-width: 490px) 100vw, 490px\" \/><figcaption>Die M\u00fchle in Cascalho vor der Restaurierung<\/figcaption><\/figure><\/li><\/ul>\n","protected":false},"excerpt":{"rendered":"<p>Der wohl ber\u00fchmteste Leuchtturm der Azoren ist sicherlich der von Capelinhos. 1958 entstand direkt vor der Landspitze von Capelo durch einen heftigen Vulkanausbruch ein neuer Teil der Insel Faial und der Leuchtturm versank in dem Ascheregen und markierte pl\u00f6tzlich nicht mehr das Ufer. Aber er blieb stehen, war lange eine [&hellip;]<\/p>\n","protected":false},"author":1,"featured_media":479,"parent":0,"menu_order":0,"comment_status":"closed","ping_status":"closed","template":"","meta":{"footnotes":""},"class_list":["post-39","page","type-page","status-publish","has-post-thumbnail","hentry"],"_links":{"self":[{"href":"https:\/\/azorenhaus.de\/azorenhaus\/wp-json\/wp\/v2\/pages\/39","targetHints":{"allow":["GET"]}}],"collection":[{"href":"https:\/\/azorenhaus.de\/azorenhaus\/wp-json\/wp\/v2\/pages"}],"about":[{"href":"https:\/\/azorenhaus.de\/azorenhaus\/wp-json\/wp\/v2\/types\/page"}],"author":[{"embeddable":true,"href":"https:\/\/azorenhaus.de\/azorenhaus\/wp-json\/wp\/v2\/users\/1"}],"replies":[{"embeddable":true,"href":"https:\/\/azorenhaus.de\/azorenhaus\/wp-json\/wp\/v2\/comments?post=39"}],"version-history":[{"count":7,"href":"https:\/\/azorenhaus.de\/azorenhaus\/wp-json\/wp\/v2\/pages\/39\/revisions"}],"predecessor-version":[{"id":525,"href":"https:\/\/azorenhaus.de\/azorenhaus\/wp-json\/wp\/v2\/pages\/39\/revisions\/525"}],"wp:featuredmedia":[{"embeddable":true,"href":"https:\/\/azorenhaus.de\/azorenhaus\/wp-json\/wp\/v2\/media\/479"}],"wp:attachment":[{"href":"https:\/\/azorenhaus.de\/azorenhaus\/wp-json\/wp\/v2\/media?parent=39"}],"curies":[{"name":"wp","href":"https:\/\/api.w.org\/{rel}","templated":true}]}}

Windmühlen und Leuchttürme

<p>Der wohl berühmteste Leuchtturm der Azoren ist sicherlich der von Capelinhos. 1958 entstand direkt vor der Landspitze von Capelo durch einen heftigen Vulkanausbruch ein neuer Teil der Insel Faial und der Leuchtturm versank in dem Ascheregen und markierte plötzlich nicht mehr das Ufer. Aber er blieb stehen, war lange eine Ruine und ist heute zu einem Museum ausgebaut. Da die Leuchtürme sowohl für die Seefahrt als auch für die Marine von großer Bedeutung waren, wurde der Betrieb vom Militär gewährleistet. Es war eine Frage der inneren Sicherheit, dass die Leuchtfeuer präzise funktionierten. Mit dem Interval des Lichts waren die Punkte vom Meer genau zu identifizieren. Neben dem Turm gehörten auch immer Wohnräume für die Leuchtturmwärter mit ihren Familien zu der Anlage.</p>



<figure class="wp-block-image"><img loading="lazy" decoding="async" width="474" height="632" src="https://azorenhaus.de/azorenhaus/wp-content/uploads/2019/09/image001.jpg" alt="" class="wp-image-480" srcset="https://azorenhaus.de/azorenhaus/wp-content/uploads/2019/09/image001.jpg 474w, https://azorenhaus.de/azorenhaus/wp-content/uploads/2019/09/image001-225x300.jpg 225w" sizes="auto, (max-width: 474px) 100vw, 474px" /><figcaption>Leuchtturm von Capelinhos 1999 vor der Restaurierung</figcaption></figure>



<p></p>



<figure class="wp-block-image"><img loading="lazy" decoding="async" width="464" height="647" src="https://azorenhaus.de/azorenhaus/wp-content/uploads/2019/09/image009.jpg" alt="" class="wp-image-483" srcset="https://azorenhaus.de/azorenhaus/wp-content/uploads/2019/09/image009.jpg 464w, https://azorenhaus.de/azorenhaus/wp-content/uploads/2019/09/image009-215x300.jpg 215w" sizes="auto, (max-width: 464px) 100vw, 464px" /><figcaption>Solide aus Natursteinen errichtet, hat der Turm den Vulkanausbruch überstanden</figcaption></figure>



<figure class="wp-block-image"><img loading="lazy" decoding="async" width="1024" height="768" src="https://azorenhaus.de/azorenhaus/wp-content/uploads/2019/09/2019-09-05-12.50.53-1024x768.jpg" alt="" class="wp-image-511" srcset="https://azorenhaus.de/azorenhaus/wp-content/uploads/2019/09/2019-09-05-12.50.53-1024x768.jpg 1024w, https://azorenhaus.de/azorenhaus/wp-content/uploads/2019/09/2019-09-05-12.50.53-300x225.jpg 300w, https://azorenhaus.de/azorenhaus/wp-content/uploads/2019/09/2019-09-05-12.50.53-768x576.jpg 768w" sizes="auto, (max-width: 1024px) 100vw, 1024px" /><figcaption>Heute ersetzt dieser schmucklose Leuchtturm in Capelo den zerstörten</figcaption></figure>



<figure class="wp-block-image"><img loading="lazy" decoding="async" width="632" height="474" src="https://azorenhaus.de/azorenhaus/wp-content/uploads/2019/09/image012.jpg" alt="" class="wp-image-481" srcset="https://azorenhaus.de/azorenhaus/wp-content/uploads/2019/09/image012.jpg 632w, https://azorenhaus.de/azorenhaus/wp-content/uploads/2019/09/image012-300x225.jpg 300w" sizes="auto, (max-width: 632px) 100vw, 632px" /><figcaption> An der Ostspitze von Pico fndet sich eine vollständig erhaltene Anlage </figcaption></figure>



<figure class="wp-block-image"><img loading="lazy" decoding="async" width="632" height="474" src="https://azorenhaus.de/azorenhaus/wp-content/uploads/2019/09/image008.jpg" alt="" class="wp-image-482" srcset="https://azorenhaus.de/azorenhaus/wp-content/uploads/2019/09/image008.jpg 632w, https://azorenhaus.de/azorenhaus/wp-content/uploads/2019/09/image008-300x225.jpg 300w" sizes="auto, (max-width: 632px) 100vw, 632px" /><figcaption>Dieses kleine Leuchtfeuer findet sich in Pico, im Hintergrund liegt Sao Jorge</figcaption></figure>



<figure class="wp-block-image"><img loading="lazy" decoding="async" width="1024" height="829" src="https://azorenhaus.de/azorenhaus/wp-content/uploads/2019/09/CIMG2071-1024x829.jpg" alt="" class="wp-image-508" srcset="https://azorenhaus.de/azorenhaus/wp-content/uploads/2019/09/CIMG2071-1024x829.jpg 1024w, https://azorenhaus.de/azorenhaus/wp-content/uploads/2019/09/CIMG2071-300x243.jpg 300w, https://azorenhaus.de/azorenhaus/wp-content/uploads/2019/09/CIMG2071-768x622.jpg 768w, https://azorenhaus.de/azorenhaus/wp-content/uploads/2019/09/CIMG2071.jpg 1627w" sizes="auto, (max-width: 1024px) 100vw, 1024px" /><figcaption>Dieser Leuchtturm auf Flores markiert den westlichsten Punkt Europas</figcaption></figure>



<p>Die Windmühlen der Azoren sind so unterschiedlich wie die Inseln selbst. Heute sind nur noch wenige erhalten und werden auch nicht mehr betrieben. So manche lässt sich aber besichtigen.</p>



<figure class="wp-block-image"><img loading="lazy" decoding="async" width="698" height="430" src="https://azorenhaus.de/azorenhaus/wp-content/uploads/2019/09/image005.jpg" alt="" class="wp-image-485" srcset="https://azorenhaus.de/azorenhaus/wp-content/uploads/2019/09/image005.jpg 698w, https://azorenhaus.de/azorenhaus/wp-content/uploads/2019/09/image005-300x185.jpg 300w" sizes="auto, (max-width: 698px) 100vw, 698px" /><figcaption>Mühle in Cascalho, Faial</figcaption></figure>



<figure class="wp-block-image"><img loading="lazy" decoding="async" width="1024" height="768" src="https://azorenhaus.de/azorenhaus/wp-content/uploads/2019/09/2019-09-04-17.19.11-1024x768.jpg" alt="" class="wp-image-512" srcset="https://azorenhaus.de/azorenhaus/wp-content/uploads/2019/09/2019-09-04-17.19.11-1024x768.jpg 1024w, https://azorenhaus.de/azorenhaus/wp-content/uploads/2019/09/2019-09-04-17.19.11-300x225.jpg 300w, https://azorenhaus.de/azorenhaus/wp-content/uploads/2019/09/2019-09-04-17.19.11-768x576.jpg 768w" sizes="auto, (max-width: 1024px) 100vw, 1024px" /><figcaption>Mühle in Salao, Faial</figcaption></figure>



<figure class="wp-block-image"><img loading="lazy" decoding="async" width="632" height="474" src="https://azorenhaus.de/azorenhaus/wp-content/uploads/2019/09/image004.jpg" alt="" class="wp-image-486" srcset="https://azorenhaus.de/azorenhaus/wp-content/uploads/2019/09/image004.jpg 632w, https://azorenhaus.de/azorenhaus/wp-content/uploads/2019/09/image004-300x225.jpg 300w" sizes="auto, (max-width: 632px) 100vw, 632px" /><figcaption>Die Mühlen oberhalb von Horta in Conceicao</figcaption></figure>



<figure class="wp-block-image"><img loading="lazy" decoding="async" width="671" height="447" src="https://azorenhaus.de/azorenhaus/wp-content/uploads/2019/09/image006.jpg" alt="" class="wp-image-487" srcset="https://azorenhaus.de/azorenhaus/wp-content/uploads/2019/09/image006.jpg 671w, https://azorenhaus.de/azorenhaus/wp-content/uploads/2019/09/image006-300x200.jpg 300w, https://azorenhaus.de/azorenhaus/wp-content/uploads/2019/09/image006-360x240.jpg 360w" sizes="auto, (max-width: 671px) 100vw, 671px" /><figcaption>Mühlen auf Corvo mit Blick auf Flores</figcaption></figure>



<figure class="wp-block-image"><img loading="lazy" decoding="async" width="485" height="618" src="https://azorenhaus.de/azorenhaus/wp-content/uploads/2019/09/image011.jpg" alt="" class="wp-image-488" srcset="https://azorenhaus.de/azorenhaus/wp-content/uploads/2019/09/image011.jpg 485w, https://azorenhaus.de/azorenhaus/wp-content/uploads/2019/09/image011-235x300.jpg 235w" sizes="auto, (max-width: 485px) 100vw, 485px" /><figcaption>&#8230;auf Graciosa</figcaption></figure>



<figure class="wp-block-image"><img loading="lazy" decoding="async" width="762" height="548" src="https://azorenhaus.de/azorenhaus/wp-content/uploads/2019/09/2019-09-15-SaoJ.jpg" alt="" class="wp-image-523" srcset="https://azorenhaus.de/azorenhaus/wp-content/uploads/2019/09/2019-09-15-SaoJ.jpg 762w, https://azorenhaus.de/azorenhaus/wp-content/uploads/2019/09/2019-09-15-SaoJ-300x216.jpg 300w" sizes="auto, (max-width: 762px) 100vw, 762px" /><figcaption>Mühle auf Sao Jorge bei Urzulina</figcaption></figure>



<ul class="wp-block-gallery columns-1 is-cropped wp-block-gallery-1 is-layout-flex wp-block-gallery-is-layout-flex"><li class="blocks-gallery-item"><figure><img loading="lazy" decoding="async" width="645" height="465" src="https://azorenhaus.de/azorenhaus/wp-content/uploads/2019/09/image010.jpg" alt="" data-id="489" data-link="http://azorenhaus.de/sonderbauten-windmuehlen-leuchttuerme/image010-6/" class="wp-image-489" srcset="https://azorenhaus.de/azorenhaus/wp-content/uploads/2019/09/image010.jpg 645w, https://azorenhaus.de/azorenhaus/wp-content/uploads/2019/09/image010-300x216.jpg 300w" sizes="auto, (max-width: 645px) 100vw, 645px" /></figure></li><li class="blocks-gallery-item"><figure><img loading="lazy" decoding="async" width="679" height="442" src="https://azorenhaus.de/azorenhaus/wp-content/uploads/2019/09/image013.jpg" alt="" data-id="490" data-link="http://azorenhaus.de/sonderbauten-windmuehlen-leuchttuerme/image013-5/" class="wp-image-490" srcset="https://azorenhaus.de/azorenhaus/wp-content/uploads/2019/09/image013.jpg 679w, https://azorenhaus.de/azorenhaus/wp-content/uploads/2019/09/image013-300x195.jpg 300w" sizes="auto, (max-width: 679px) 100vw, 679px" /></figure></li><li class="blocks-gallery-item"><figure><img loading="lazy" decoding="async" width="490" height="612" src="https://azorenhaus.de/azorenhaus/wp-content/uploads/2019/09/image014.jpg" alt="" data-id="491" data-link="http://azorenhaus.de/sonderbauten-windmuehlen-leuchttuerme/image014-4/" class="wp-image-491" srcset="https://azorenhaus.de/azorenhaus/wp-content/uploads/2019/09/image014.jpg 490w, https://azorenhaus.de/azorenhaus/wp-content/uploads/2019/09/image014-240x300.jpg 240w" sizes="auto, (max-width: 490px) 100vw, 490px" /><figcaption>Die Mühle in Cascalho vor der Restaurierung</figcaption></figure></li></ul>

<p>Der wohl berühmteste Leuchtturm der Azoren ist sicherlich der von Capelinhos. 1958 entstand direkt vor der Landspitze von Capelo durch einen heftigen Vulkanausbruch ein neuer Teil der Insel Faial und der Leuchtturm versank in dem Ascheregen und markierte plötzlich nicht mehr das Ufer. Aber er blieb stehen, war lange eine [&hellip;]</p>
